n, -2*n - 2*n = -z. What is the units digit of 0 + -3 + 26 + o?
2
Let b = -55 + 27. What is the tens digit of (-344)/b + 4/(-14)?
1
Suppose 11*g - 4*g = -21. What is the units digit of 0 + 29 - g/(-9)*-3?
0
Let i(b) = 6*b. Let p be i(2). Suppose -n - 2*n - p = 0. What is the units digit of n*1/2 - -5?
3
Let u = 36 - 10. Suppose 0 = 4*n - u - 14. Let o(z) = -z**2 + 13*z + 10. What is the units digit of o(n)?
0
Suppose -8*q - 8 = -7*q. What is the hundreds digit of 2060/12 - (-3)/(36/q)?
1
Let o(l) = -l**3 - 3*l - 3. Suppose j = 3*f - 14, 3*j + 18 = 2*j + 4*f. Let x be o(j). What is the tens digit of -2 - (-3 - (x - -3))?
1
Suppose 3*w = -2*j + 127, -2*j = -3*w - 167 + 34. Suppose -72*g = -j*g - 700. What is the hundreds digit of g?
1
Let r(w) = w**2 + 5*w - 4. Let c be 3/12 - 75/12. What is the units digit of r(c)?
2
Let b(z) = z**3 - 3*z**2 - 4*z + 3. Let j be b(4). Suppose -4*y - 132 = -4*h, -130 = -2*h - j*h - 2*y. What is the tens digit of h?
2
Let q = 211 + 506. What is the tens digit of q?
1
Suppose -9*p - 130 = -14*p. What is the units digit of (-40)/(-260) - (-2102)/p?
1
Let q = 23 + -21. Suppose -q*o + o = -43. What is the units digit of o?
3
Let m = 1784 - 1160. What is the tens digit of m?
2
Let j(z) = -z**3 - 8*z**2 - 3*z - 1. Let b be j(-2). Let r = 63 - b. What is the units digit of r?
2
Let b = 1947 - 770. Suppose 14*s - 3*s = b. What is the hundreds digit of s?
1
Suppose 2316 = 24*h - 35580. What is the hundreds digit of h?
5
Let f(j) = 0*j**2 - 7*j + 4*j + j**2. What is the units digit of f(6)?
8
Suppose -2*i - 315 + 1313 = 0. What is the units digit of i?
9
Let i be 3*2/(-3)*3. Let l = i - -6. Let v(t) = t**2 + 2*t + 18. What is the tens digit of v(l)?
1
Let j(y) = -y**2 - 9*y - 4. Let m(f) = f**3 + 2*f**2 + 4. Let h be m(-3). What is the units digit of j(h)?
6
What is the tens digit of (92/138)/(1/402 - 0)?
6
Suppose -2*x = x - 33. Suppose 13*h - 10 = x*h. What is the units digit of h/2*(-28)/(-2)?
5
Suppose 0 = 10*g - 11*g. Suppose 0 = 3*u - 4*d - 511, g*u = -u + 3*d + 177. What is the hundreds digit of u?
1
Let x = -2464 - -3871. What is the hundreds digit of x?
4
Suppose 5*w - 2*w = -4*v + 497, v = -w + 167. Suppose 3*t + 39 = -w. What is the units digit of 180/t*(-7 - 0)?
8
Let p be -78*(-6)/(-24)*(2 + -12). Suppose 5*b = z - p, 4*z + 2*b - 107 - 761 = 0. What is the units digit of z?
5
Let i be -547 - (-3 + 4 + -2). What is the tens digit of i/(-8) + 14/(-56)?
6
Suppose 0 = 238*r - 219*r - 4161. What is the units digit of r?
9
Suppose -5*b = -3*j - 1915, -j - 2*j = 15. Suppose 2*a = 3*p - 2*a - 568, 3*a = 2*p - b. What is the units digit of p?
4
Let g(p) = -4*p - 7. Let l be g(-5). Let z = l + -12. What is the units digit of (-20)/(-6) + z/(-3)?
3
Suppose -x = n - 3*n + 18, 5*x - 2*n + 82 = 0. Let w = x - -47. What is the units digit of w?
1
Suppose 2*z - 8*z - 252 = 0. What is the units digit of (-87)/2*28/z?
9
Let z be ((-10)/(-3))/1 - (-8)/(-24). Suppose -z*u = -7*u + 660. What is the tens digit of u?
6
Let g be (0/((-9)/3))/2. Suppose g*l = -y + 4*l - 11, 0 = 5*y + l - 50. What is the units digit of y?
9
Suppose 6*b + 4*h - 1510 = b, -5*b = 3*h - 1505. Suppose -2*j - 62 + b = 0. What is the units digit of j?
8
Suppose 4884 = 17*o - 267. What is the tens digit of o?
0
Let a(i) = -i + 30. Let o be a(22). Suppose -504 = -o*f - f. What is the units digit of f?
6
What is the units digit of 17/(2/(-3) + 1)?
1
Let h = 4 - -14. Suppose 3*c + 2*c - 20 = 0. Suppose -c*v - h = -5*m, -2*v - 6 = -0*m - m. What is the units digit of m?
2
Suppose 3*n - 1464 = -2*x, -5 = -n - 1. What is the hundreds digit of x?
7
Suppose 4*l = 5*j - 25, -2*j = -3*j + l + 6. Let v(z) = 91*z**2 + z. What is the tens digit of v(j)?
9
Let r(c) = c**2 - 9*c - 8. Let k(w) = -6*w - 3. Let p be k(-2). Let m be r(p). What is the tens digit of (-284)/(-18) - m/36?
1
Let o(s) = 3*s**2 + 15*s + 5. Let l(u) = u**2 - u. Let n(h) = -2*l(h) + o(h). What is the tens digit of n(-18)?
2
Suppose -10*y = -370 - 270. What is the hundreds digit of y*((3 - 4) + 3)?
1
Let a = -668 - -955. What is the tens digit of a?
8
Suppose 6 = 3*f - 0*f. Suppose 46 = g - f*z, 2*g - 132 = -z - 3*z. What is the tens digit of g?
5
Let k(f) = 2*f**2 + 9*f + 6. Let s(h) = h**2 - 1. Let q(d) = -3*d**2 + 7*d + 8. Let c(y) = q(y) + 4*s(y). Let b be c(-5). What is the units digit of k(b)?
4
Suppose -5*b - 10 = 0, 2*u + 5*b + 5 = u. Let w(g) = 2*g**3 - 7*g**2 - 6*g + 1. Let x be w(6). Suppose -u*r + 0*r = -x. What is the tens digit of r?
2
Let c = 13 + -6. Let g(v) = 3*v + 8. Let j be g(c). Let z = j - 16. What is the tens digit of z?
1
Suppose -8*h = -18606 + 334. What is the thousands digit of h?
2
Let p(u) = 31 - 11 + 0*u**2 + 3*u**2 - u**2. What is the tens digit of p(-9)?
8
Let q = 49 + -41. Let l(y) = y**3 - 6*y**2 - 2*y - 15. What is the units digit of l(q)?
7
Let w = -19 - -22. Suppose 2*k + w*p - 42 = 0, 3*p + 1 = k - 11. What is the units digit of k?
8
Let u(f) = f**3 - 6*f**2 - 4*f - 5. Let r be u(7). What is the units digit of (-663)/(-12) + (-4)/r?
5
Let t(k) = -14*k**2 - k + 1. Let d be t(-1). Let z be ((-54)/(-4))/((-6)/(-16)). Let a = d + z. What is the tens digit of a?
2
Let i(o) = 56*o**3 - 3*o**2 - 3*o - 1. Let v(m) = m**3 + m**2 + m + 1. Let n(k) = -i(k) - 2*v(k). What is the tens digit of n(-1)?
5
Let p(m) = m**2 - 36*m + 39. Let g be p(35). Let h(s) = -1 + 2 + 11*s - 5. What is the units digit of h(g)?
0
Let j be 2/15 - 28/(-15). Suppose j*p = p - 1. What is the tens digit of (-23 + -2)/p + 3?
2
Let q = 78 - 75. Suppose -2*f + 155 = q*w, -5*w - 4*f + 13 = -248. What is the tens digit of w?
4
Suppose -c + 410 = -4*p, 4*p - 405 = -5*c + 1525. What is the units digit of c?
0
Suppose 1130 = 10*z - 1170. What is the hundreds digit of z?
2
Let j be -1 + ((-4)/(-4) - 1) + 2. Let v(y) = 121*y**2 - y + 3. What is the tens digit of v(j)?
2
Let i(r) = 4*r + 25. Let x be i(10). Suppose -7 = 2*k - 1, 2*k = -3*b + 12. Suppose -b*t = -t - x. What is the tens digit of t?
1
Suppose 4*r - 2*y = 194, 0 = 2*r - 0*r - 5*y - 93. Let z = -42 + r. What is the units digit of z?
7
Suppose -t - 4*t - 55 = 0. Let m = -9 - t. Suppose m + 19 = 3*q. What is the units digit of q?
7
Let n = 37 + -33. Suppose -n*z + 4*g - 2*g + 236 = 0, 3*g + 297 = 5*z. What is the units digit of z?
7
Suppose 0 = -10*g + 7116 + 6034. What is the tens digit of g?
1
Let n = -127 + 212. Let h = 15 + -12. Suppose h*v + 15 = 0, 4*w = -w + v + n. What is the units digit of w?
6
Let o(n) = -n**2 - 39*n - 177. What is the tens digit of o(-18)?
0
Let f = 6 + 0. Suppose 0 = f*j - 67 + 13. What is the units digit of j?
9
Suppose 2*q - 6 = -q. Let h be (1 - -2) + q - 1. What is the units digit of 165/6 + h/8?
8
Let l = -2384 + 3455. What is the hundreds digit of l?
0
Let j be ((-1 - -2) + -1)*1. Suppose u + 3*u + 4 = j. What is the tens digit of 2/u*(-51)/6?
1
Suppose -3*a + 3*d = 0, -a + 7 = a + 5*d. Let j be a/(-6) - 667/(-6). Let i = -76 + j. What is the units digit of i?
5
Suppose 2*x - 58 + 8 = 4*a, 25 = -a + 3*x. Let k be a/2*(-9)/15. Suppose -j = -k*j + 48. What is the units digit of j?
4
Suppose -303 - 7 = -5*k. What is the tens digit of k?
6
Let y = -547 - -388. Let g = y - -224. What is the tens digit of g?
6
Suppose -92*p = -4*g - 87*p + 16831, -5*p + 21005 = 5*g. What is the tens digit of g?
0
Let r = 1430 + -502. What is the units digit of r?
8
Let h be 19 - ((5 - 3) + -3). Suppose t = 5*t - h. What is the units digit of 2*2/(-4) + t?
4
Let f be (-14)/(2*4/(-148)). Suppose 6*a = 13*a - f. What is the tens digit of a?
3
Let k = -2510 - -3239. What is the units digit of k?
9
Let t(x) = 10*x + 11. Let v be t(-11). Let f = v + 111. What is the units digit of f?
2
Suppose -17901 = -z - 8*z. What is the thousands digit of z?
1
Let h(y) = 4*y**2 + 27*y + 6. What is the hundreds digit of h(-15)?
5
What is the tens digit of 6/(-15)*(0 - 60)?
2
Suppose -2*h + 116 = -410. What is the tens digit of h?
6
Let h = -1952 + 3518. What is the tens digit of h?
6
Suppose 0 = -r - 3*p - 10, 0*r - 2*r - 5*p - 16 = 0. What is the units digit of (-6)/r + 5 - -3?
5
Let k be (-16)/6*63/(-14). Let m = 5 - 2. What is the units digit of (k/(-10))/(m/(-20))?
8
Suppose -4*g + 2862 = -2*a, 1434 = 2*g + 24*a - 26*a. What is the units digit of g?
4
Let